 divisor of 3488 and 109.
109
What is the highest common factor of 2135 and 1220?
305
What is the greatest common factor of 830 and 1162?
166
What is the greatest common divisor of 407 and 148?
37
What is the highest common divisor of 16 and 16?
16
What is the greatest common divisor of 63 and 210?
21
Calculate the highest common factor of 730 and 219.
73
What is the greatest common factor of 1108 and 4?
4
What is the highest common divisor of 78 and 117?
39
Calculate the highest common divisor of 84 and 49.
7
What is the highest common factor of 66 and 220?
22
What is the greatest common divisor of 45 and 79155?
45
Calculate the highest common divisor of 41 and 738.
41
What is the greatest common divisor of 255 and 24?
3
Calculate the highest common factor of 64 and 2000.
16
What is the highest common factor of 682 and 11?
11
Calculate the greatest common divisor of 7 and 196.
7
Calculate the highest common factor of 38 and 874.
38
Calculate the highest common factor of 130 and 90.
10
What is the highest common factor of 6086 and 136?
34
Calculate the greatest common divisor of 18 and 17028.
18
Calculate the highest common divisor of 280 and 14980.
140
What is the highest common divisor of 17 and 2?
1
Calculate the greatest common factor of 143 and 208.
13
What is the highest common divisor of 98 and 364?
14
What is the greatest common factor of 7020 and 1980?
180
What is the greatest common factor of 25 and 3?
1
What is the greatest common divisor of 154 and 53746?
154
Calculate the greatest common divisor of 58 and 116.
58
Calculate the greatest common factor of 201 and 3149.
67
What is the greatest common factor of 51 and 3927?
51
What is the greatest common divisor of 22148 and 392?
196
What is the greatest common factor of 1472 and 64?
64
Calculate the highest common divisor of 959 and 7.
7
Calculate the highest common divisor of 195 and 312.
39
What is the greatest common factor of 6371 and 23?
23
What is the greatest common divisor of 50 and 280?
10
What is the highest common factor of 22 and 1078?
22
What is the greatest common divisor of 5 and 245?
5
What is the greatest common factor of 7227 and 99?
99
What is the greatest common factor of 270 and 60?
30
Calculate the highest common factor of 472 and 16.
8
Calculate the greatest common factor of 54 and 189.
27
Calculate the highest common factor of 5 and 135.
5
What is the greatest common factor of 35 and 91?
7
What is the greatest common factor of 59 and 1003?
59
What is the highest common factor of 8 and 178?
2
Calculate the greatest common divisor of 135 and 185.
5
What is the greatest common divisor of 38 and 361?
19
What is the highest common factor of 48 and 528?
48
Calculate the greatest common factor of 242 and 2530.
22
What is the greatest common factor of 25920 and 18?
18
Calculate the highest common divisor of 38 and 2.
2
What is the highest common divisor of 12204 and 324?
108
Calculate the highest common divisor of 456 and 2584.
152
Calculate the highest common divisor of 30 and 45.
15
What is the greatest common factor of 1853 and 51?
17
Calculate the greatest common factor of 2844 and 36.
36
Calculate the highest common factor of 516 and 44.
4
Calculate the greatest common divisor of 108 and 132.
12
What is the greatest common factor of 7198 and 366?
122
Calculate the highest common factor of 2665 and 65.
65
What is the greatest common factor of 11 and 44?
11
What is the highest common divisor of 20 and 20?
20
What is the greatest common divisor of 414 and 144?
18
Calculate the greatest common factor of 66 and 1221.
33
What is the greatest common divisor of 242 and 33?
11
Calculate the greatest common factor of 12 and 3702.
6
What is the highest common divisor of 153 and 969?
51
What is the greatest common factor of 24 and 348?
12
What is the greatest common factor of 32 and 6368?
32
Calculate the greatest common divisor of 1764 and 36.
36
What is the highest common divisor of 9 and 9?
9
What is the highest common factor of 12 and 5160?
12
Calculate the highest common factor of 322 and 56.
14
Calculate the highest common divisor of 2256 and 32.
16
What is the highest common factor of 154 and 110?
22
What is the highest common factor of 297 and 220?
11
Calculate the greatest common divisor of 332 and 249.
83
Calculate the greatest common divisor of 528 and 1914.
66
What is the greatest common factor of 16905 and 441?
147
Calculate the highest common divisor of 21 and 147.
21
What is the greatest common factor of 19 and 1349?
19
Calculate the highest common divisor of 78 and 104.
26
What is the highest common divisor of 21 and 357?
21
Calculate the greatest common divisor of 5321 and 51.
17
What is the greatest common divisor of 98 and 98?
98
What is the highest common factor of 121 and 5203?
121
What is the greatest common factor of 155 and 12555?
155
What is the greatest common factor of 945 and 1540?
35
What is the greatest common factor of 23504 and 832?
208
Calculate the greatest common divisor of 46 and 14.
2
What is the highest common divisor of 670 and 11926?
134
What is the greatest common divisor of 406 and 1827?
203
What is the highest common factor of 140 and 238?
14
What is the greatest common divisor of 25 and 12?
1
What is the greatest common factor of 245 and 15680?
245
Calculate the highest common factor of 412 and 8.
4
Calculate the highest common divisor of 2 and 4.
2
Calculate the highest common factor of 17 and 37179.
17
Calculate the highest common divisor of 112 and 6692.
28
What is the highest common divisor of 35887 and 17?
17
What is the highest common factor of 6 and 249?
3
What is the highest common divisor of 1350 and 1450?
50
Calculate the greatest common divisor of 703 and 57.
19
Calculate the highest common divisor of 48 and 1776.
48
What is the greatest common factor of 3100 and 60?
20
What is the highest common divisor of 1157 and 13?
13
What is the highest common factor of 19 and 38?
19
Calculate the highest common factor of 148 and 37.
37
Calculate the greatest common divisor of 4448 and 16.
16
Calculate the greatest common divisor of 108 and 4932.
36
What is the greatest common factor of 40 and 350?
10
What is the highest common factor of 792 and 88?
88
Calculate the greatest common divisor of 64844 and 26.
26
What is the greatest common divisor of 31203 and 27?
9
Calculate the greatest common factor of 972 and 45.
9
Calculate the highest common divisor of 902 and 308.
22
Calculate the highest common factor of 2339 and 1.
1
Calculate the greatest common divisor of 120 and 1860.
60
Calculate the greatest common factor of 86 and 430.
86
Calculate the highest common factor of 70 and 50960.
70
Calculate the greatest common factor of 350 and 80.
10
What is the greatest common divisor of 1521 and 108?
9
What is the greatest common factor of 923 and 13?
13
What is the greatest common factor of 68 and 16?
4
What is the greatest common divisor of 20 and 3260?
20
What is the greatest common factor of 180 and 5160?
60
Calculate the highest common factor of 72 and 96.
24
What is the highest common divisor of 48 and 736?
16
What is the greatest common divisor of 43 and 8471?
43
Calculate the greatest common factor of 1083 and 228.
57
What is the greatest common divisor of 19 and 1?
1
Calculate the greatest common factor of 441 and 147.
147
Calculate the greatest common factor of 1288 and 224.
56
Calculate the highest common factor of 130 and 280.
10
Calculate the highest common divisor of 114 and 54.
6
Calculate the greatest common divisor of 240 and 54.
6
What is the greatest common factor of 24244 and 33?
11
Calculate the highest common divisor of 448 and 518.
14
What is the greatest common divisor of 25 and 10?
5
Calculate the highest common divisor of 51 and 357.
51
Calculate the greatest common factor of 1135 and 15.
5
Calculate the highest common factor of 2016 and 36.
36
Calculate the highest common factor of 94 and 4559.
47
What is the highest common divisor of 14 and 5705?
7
What is the highest common factor of 3267 and 242?
121
Calculate the greatest common divisor of 41 and 2419.
41
What is the greatest common factor of 2125 and 153?
17
Calculate the highest common divisor of 473 and 301.
43
Calculate the highest common divisor of